are the prime factors of p?
2, 5
Let c = -528 - -2805. List the prime factors of c.
3, 11, 23
Suppose -4*p + 1216 = 2*v - 2696, -4 = -v. What are the prime factors of p?
2, 61
Let c be (48/10)/(-4)*(-571 + 1). Suppose 3*d - 5*n = -0*n + 513, 4*d = 5*n + c. List the prime factors of d.
3, 19
Suppose -5*a + 54 = 4*b, -3*a + 3*b = -2*a - 7. Suppose -a*k = -8*k - 96. List the prime factors of k.
2, 3
Let n(s) = 2*s + 22. Let h be n(-9). Suppose -2*c = h*a - 422, 2*a - 7*a - 4*c = -535. What are the prime factors of a?
103
Suppose -4*b + 4*k + 3290 = -4050, b = -k + 1831. List the prime factors of b.
3, 13, 47
What are the prime factors of (60/25)/(-6)*970/(-2)?
2, 97
Let m be (2 + 0)*15/6. Suppose 4*v - n + 78 = m*v, 2*n = -3*v + 232. What are the prime factors of v?
2, 19
Suppose v = -4*s + 1981, 0*v - 4*s + 3950 = 2*v. What are the prime factors of v?
11, 179
Suppose 0*i = -2*i. Suppose 5*w + 0*w + 5*x = 250, i = 3*x. What are the prime factors of w?
2, 5
Suppose 2*x + 10 = 5*d - 0*x, x = 0. Suppose 87 = d*s + 17. Let q = s + -14. What are the prime factors of q?
3, 7
Let p(d) = -16*d + 50. What are the prime factors of p(-5)?
2, 5, 13
Let f be (1 - (1 + 1)) + 2 - -1. Let l(o) = 33*o. What are the prime factors of l(f)?
2, 3, 11
List the prime factors of (-3)/(-4) + 42500/80.
2, 7, 19
Let p = 1824 - 1258. What are the prime factors of p?
2, 283
Let d be (-2 + -4*208)*7/(-21). Suppose 0 = 10*j - d - 492. What are the prime factors of j?
7, 11
Let n(j) = -64*j - 801. List the prime factors of n(-35).
1439
Suppose -30 = -13*v + 7*v. Suppose 664 = 5*y + 4*r, 3*y - v*y = 3*r - 260. What are the prime factors of y?
2, 17
List the prime factors of (-3 + (-9)/(-2))*(-890)/(-15).
89
Let r be (-9)/(-4 - 55/(-14)). Let o be r + (6 - (7 - 3)). Let g = o + -61. List the prime factors of g.
67
Let t(r) = 170*r**2 - 7*r + 88. What are the prime factors of t(4)?
2, 5, 139
What are the prime factors of (-135)/2*(384/(-15) - 2)?
3, 23
What are the prime factors of ((0 - -4) + -40)*(-590)/15?
2, 3, 59
Let m = -4 - -5. Let q be 6*-1*(m - 0). What are the prime factors of 376/12 + (-4)/q?
2
Suppose 6*r - 260 = -7*r. Suppose -9 = -3*n + 69. Let s = n - r. List the prime factors of s.
2, 3
Suppose -2*p = -p. Let m(v) = 3*v**3 + v**2 - 2*v + 1. Let y be m(1). Suppose 5*u - 47 - y = p. List the prime factors of u.
2, 5
Let r be 3/(-24)*-2 + 9569/28. Suppose -5*c + r = c. List the prime factors of c.
3, 19
Suppose 1431 = 2*x + 901. What are the prime factors of x?
5, 53
Let c = -36 + 38. Suppose 109 = 3*o - 7*b + 2*b, -b = c*o - 64. Suppose o = d - 4. List the prime factors of d.
37
What are the prime factors of 2670/4 + 3/(-6)?
23, 29
Let m(x) = 2*x**2 + 8*x + 9. Let z be m(-6). Suppose -4*u = z + 291. Let a = 129 + u. List the prime factors of a.
2, 3
Let h be (-48)/(-8)*28/3. Suppose -3*w - h = -329. Suppose -4*b + w = -41. What are the prime factors of b?
3, 11
Suppose n - 3*j = -0*j + 19, 3*n - 2*j - 22 = 0. Suppose -177 - 423 = -n*a. What are the prime factors of a/12*(-54)/(-15)?
3, 5
Let z be -5 + 1 - (-148)/4. Let v = -22 + z. List the prime factors of v.
11
Suppose -119*m + 80320 = -55*m. What are the prime factors of m?
5, 251
Let h(r) = -r**2 + 12*r - 9. Let d be h(8). Suppose -10*k - 2327 = -d*k. What are the prime factors of k?
179
Suppose -4*m + 2610 = -3*g, 18*m = 21*m + g - 1964. List the prime factors of m.
2, 3, 109
Let m be 0/4 - 0/2. Let u(t) = -5*t + 3 - t + t + m. List the prime factors of u(-3).
2, 3
What are the prime factors of ((-3036)/(-18) + -13)*33?
11, 467
Let v(t) = 6*t - 3. Let k(j) = -13*j + 5. Let q(h) = 3*k(h) + 5*v(h). Let n be q(-3). Let l = n + -22. List the prime factors of l.
5
Suppose 383 + 4615 = 17*f. List the prime factors of f.
2, 3, 7
Let v = -1819 - -3122. List the prime factors of v.
1303
Suppose 198 = 12*m - 306. List the prime factors of m.
2, 3, 7
Suppose -4*v + 14172 = -4*d + 4928, 0 = v - 4*d - 2308. List the prime factors of v.
2, 17
Suppose 9*u + 89 + 55 = 0. Let o = 28 + u. List the prime factors of o.
2, 3
Let a = -2767 - -4191. List the prime factors of a.
2, 89
List the prime factors of (-1)/(-3) + 52/(-12) + 132.
2
Suppose -5*r - 22 = -p - 0*p, 4*p = r + 12. Suppose -2*y - 3 = -p*d - 1, 0 = 3*d + y - 3. List the prime factors of (2 + d)*1 + 0.
3
Let g = -15 - -23. Suppose 3*j = g*j. Suppose j = 4*r + w - 56, r - w + 41 = 4*r. What are the prime factors of r?
3, 5
Suppose -4*i = -67 - 33. Let z(y) = -y + 9. Let s be z(6). Suppose 0 = -v - v - t + 5, -i = -4*v + s*t. What are the prime factors of v?
2
Suppose 3*a + 3871 = 5*j - 1814, -3*a = -2*j + 2283. What are the prime factors of j?
2, 3, 7
Suppose -4*l - j = -5*j - 8, -5*l = 4*j - 55. Suppose l*i = 4*i + 21. Suppose -i*h + 9*h = 46. List the prime factors of h.
23
Let b = -143 + 245. Suppose -b = 11*h - 17*h. What are the prime factors of h?
17
Suppose 0 = l + 3, 2*x - l = 3*l + 976. List the prime factors of x.
2, 241
Suppose 4*p - 4*d + 54 + 14 = 0, -4*p = -2*d + 78. List the prime factors of (-838)/(-11) + 4/p.
2, 19
Let j = -890 + 1381. What are the prime factors of j?
491
Let v be (-6 + 2 - 22)/(-2). Let h(f) = -2*f - 6*f + 4*f + v - 16 + 4*f**2. What are the prime factors of h(4)?
3, 5
Let k = 761 - 166. List the prime factors of k.
5, 7, 17
Let z(r) = -9*r**3 - 5*r**2 + 2*r + 6. List the prime factors of z(-3).
2, 3, 11
What are the prime factors of 21390/18 + 3 - 2/(-3)?
2, 149
Let z be 49 + -2*3 + 2. Let s be (-142)/(9/(z/(-2))). Suppose -4*c = 20, 5*p + 3*c - s = 2*c. List the prime factors of p.
2, 3
Let a(s) = -s**3 + 7*s**2 + 8*s + 2. Let d be a(8). Suppose d*n - 930 = -3*n. List the prime factors of n.
2, 3, 31
Let b(k) = k**2 + 22*k + 57. What are the prime factors of b(-39)?
2, 3, 5
Suppose g - 5 = -0*g. Let l = -3 + g. Suppose -6*t + 80 = -l*t. List the prime factors of t.
2, 5
Let h be (-836)/7 + (-371)/49 + 7. What are the prime factors of -2 + 2 - (-3)/((-9)/h)?
2, 5
Suppose -18*a = -11*a - 8687. List the prime factors of a.
17, 73
Suppose 0 = 5*m - 6 - 4. Let n(a) = 3*a - 5. Let l be n(m). List the prime factors of (7 + l)/(4/26).
2, 13
Let d = -24 - 10. What are the prime factors of (d/(-8))/(845/140 + -6)?
7, 17
Suppose -184 = 2*o - 780. Let g(u) = o*u**3 - 13 - 14*u**2 - 299*u**3 + 4*u**2 - 11*u. List the prime factors of g(-9).
5
Let s be (-1 - -2)*(144 + 5). Suppose 4*o + 50 - 141 = -3*j, -5*j - 4*o = -s. What are the prime factors of j?
29
Let m be (-3)/(-18)*-3*-4. Suppose 0 = 2*n + m*o - 18, -3*n - 13 = -5*o - 0. Suppose -4*k - 5*j + 209 = 0, -n*k + 3*j + 252 = k. List the prime factors of k.
3, 17
Let f be -7 + 2/(-1) + -4. List the prime factors of (-613)/(-13) + 2/f.
47
Let a(g) = -g**2 + 25*g + 10. Let b(v) = 3*v**2 - 51*v - 19. Let c(p) = -7*a(p) - 3*b(p). What are the prime factors of c(-9)?
23
Suppose -27 = 2*y - 3*v - 1236, -1842 = -3*y - 5*v. List the prime factors of y.
3, 7, 29
Let t(d) = 3 - 8*d - 4*d - 5*d - 4. List the prime factors of t(-4).
67
Suppose 2*t - 764 = -4*y - 0*y, -4*t = 4*y - 768. Suppose y = 3*v + 94. List the prime factors of v.
2
Let b = 256 + 219. List the prime factors of b.
5, 19
Suppose 6405 = 10*f - 7795. List the prime factors of f.
2, 5, 71
Suppose 2*l = 4*l - 12. Let c be (-40)/3*9/l. Let y = c + 30. What are the prime factors of y?
2, 5
Let t be (-1419)/(-9) + (-2)/(-3)*-1. Suppose 4*o - t = 355. List the prime factors of o.
2
Suppose -p - 790 = -6*p + 5*s, -4*s = -5*p + 792. List the prime factors of p.
2, 5
Suppose 0*d - 8016 = -8*d. What are the prime factors of d?
2, 3, 167
Suppose 0 = -9*a + 7*a. Suppose -2*n + 12 + a = 0. Suppose -42 = -z + n. List the prime factors of z.
2, 3
Suppose 9830 - 716 = 6*o. List the prime factors of o.
7, 31
Let p = 1346 - 577. List the prime factors of p.
769
Suppose -2 + 22 = 5*u. Let d = 7 - u. Suppose -2*s - 3*m + 31 = -2*m, 2*m = d*s - 50. What are the prime factors of s?
2
Let j be (-2)/(-4) + (-3)/6. Suppose j = q - 3*v - 90, 5*q - 316 - 108 = 2*v. Let u = q - 44. List the prime factors of u.
2, 5
Suppose 3*l + 3*t - 21 = 0, l + 2*l = t + 13. Suppose 0*c = -l*c. Suppose -4*j - 3 + 35 = c. What are the prime factors of j?
2
Suppose 5*o - 2*g - 26935 = -7*g, -2*o - 3*g + 10773 = 0. List the prime factors of o.
2, 3, 449
Suppose -341 = -2*y + 409. 